culate the highest common factor of 234 and a.
26
Let o = -5 + 12. Let w = o - -6. Suppose -2*a = 5*r - 61, 4*a - w - 5 = -2*r. Calculate the greatest common factor of 52 and r.
13
Suppose 3*l + 5*x - 23 = 58, -116 = -5*l - 2*x. Let q = -8 - -19. What is the highest common factor of q and l?
11
Suppose 0 = 4*u + 3*q, 5*q = u - 3*u - 14. Suppose -3*b + 0 - 6 = 0. Let w = 1 - b. What is the greatest common factor of w and u?
3
Let h(w) = -7*w - 4. Suppose 2 = x - 0*x. Suppose -x*n + 0 = 8. Let t be h(n). Calculate the greatest common divisor of 6 and t.
6
Suppose 2*p + 4 - 34 = 0. Suppose 0 = -3*g - 0*g + 3. Suppose r - g = 0, -5 - 11 = -3*l - r. Calculate the greatest common divisor of p and l.
5
Let w be ((-16)/(-6))/((-2)/(-12)). Let o(i) be the first derivative of 25*i**2/2 - i - 2. Let y be o(1). What is the highest common factor of y and w?
8
Suppose 3*y = 5*d + 7*y - 920, -2*y = -5*d + 890. Let u(j) = j**2 - 7*j + 26. Let f be u(6). What is the highest common divisor of f and d?
20
Let q(c) = 2*c - 4. Let d be q(11). Calculate the highest common factor of d and 6.
6
Suppose -o = 5*g - 20, -2*g + 8 = -o - 4*o. Calculate the highest common divisor of g and 4.
4
Suppose -2*u - 3 = 37. Suppose -181 = -4*g - i, -g - 2*g = 3*i - 147. Let m = g + u. Calculate the greatest common factor of 36 and m.
12
Let f be 10/(-4)*(-24)/20. Suppose 0 = x + 5*v - 5, f*v = x + 4*x - 53. Suppose o + 125 = 6*o. What is the greatest common factor of x and o?
5
Let r(u) = 5 - 3*u**2 - u**3 + 4*u**2 + u + 4*u**2. Let n = 45 + -40. Let s be r(n). What is the greatest common factor of 2 and s?
2
Suppose -3*a + 16 - 1 = 0. Let n(k) = 2*k**2 + 5*k + 2. Let m be n(-3). Calculate the highest common divisor of a and m.
5
Let h = 134 + -52. Let l = h + -32. Calculate the highest common factor of 20 and l.
10
Let k = -15 - -23. Let n be 8/6*(-6)/(-4). Suppose 4 = -n*g + 6*g. What is the highest common factor of g and k?
1
Suppose -3*t = -5*p - 145 - 175, t = -p + 104. Calculate the greatest common factor of t and 42.
21
Suppose -3*r - 134 = 370. Let z = r - -238. Let l be -2 + 8*(1 + 1). Calculate the greatest common divisor of l and z.
14
Let x = -20 + 21. Calculate the greatest common factor of x and 9.
1
Let d be 4/(-6)*3*1. Let o = d + 10. Let t = o - -36. Calculate the greatest common divisor of t and 4.
4
Suppose 5*g - 158 + 53 = 0. Let i be g/(-2)*4/(-3). Let t be ((-36)/i)/(9/(-42)). Calculate the highest common factor of 108 and t.
12
Let b = 38 - -6. Suppose 4*g - 4*z - 32 = 0, -2*g = 2*z + 3*z - b. Calculate the greatest common divisor of 8 and g.
4
Let t(m) = -m**3 + 16*m**2 - 4*m - 4. Let n be t(15). What is the highest common factor of n and 23?
23
Suppose 0 = -4*k + 3 + 13. Let u(l) = l**3 + l**2 - 4*l. Let i be u(k). Calculate the greatest common factor of 8 and i.
8
Suppose -7 + 177 = 5*v. What is the highest common divisor of 68 and v?
34
Let s = -90 - -94. Calculate the highest common factor of s and 12.
4
Let a be 2/(-7) - 564/(-14). Let n(j) = 2*j + 8. Let h be n(4). Suppose 0 = -5*x + 6*x - h. Calculate the greatest common factor of a and x.
8
Suppose 0*w = -w - 5*h + 12, 3*h = -12. Suppose q + 130 = 5*a - 111, -4*a = 5*q - 187. What is the highest common divisor of a and w?
16
Suppose 0 = h - 2*h + 3. Suppose -g - 3*g - 39 = -h*j, -3*j - 4*g = -15. Calculate the greatest common divisor of j and 72.
9
Let p be 1/(6 - 5) + (-22)/(-2). Calculate the greatest common divisor of 36 and p.
12
Suppose -526 = -5*k - d, 2*k - 109 = k - 4*d. Let f be (15/6)/5*-4. Let m be f/(-7) - 206/(-14). Calculate the highest common factor of k and m.
15
Let o = 11 + -7. Suppose 5*q = -0*q. Suppose -g + q*g + 2 = 0, o*s - 102 = -g. What is the greatest common factor of s and 5?
5
Let x(l) = 133*l**2 - 1. Let k = 1 - 0. Let r be x(k). Let j = 0 + 12. What is the greatest common divisor of j and r?
12
Let i(u) = -u**3 - 9*u**2 - 6*u + 11. Let k be i(-8). Let l be 24*(3 + k/3). Calculate the highest common factor of l and 4.
4
Let l(f) = -1 - f + 0*f + 0*f + 3*f + f**3. Let y be l(1). Let n be ((-1)/3)/(y/(-390)). Calculate the greatest common divisor of n and 13.
13
Let x = -1 - -4. Let o(i) = 14*i**2 + i + 6. Let j be o(x). Calculate the greatest common divisor of 54 and j.
27
Suppose 0*s - 3*s + 27 = 0. Let z(g) = -4*g**3 - 2*g**2 + 4*g - 1. Let p be z(-3). Let i = p + 13. What is the greatest common divisor of s and i?
9
Let r(h) = h**2 - 2*h + 3. Let o be r(4). Let x(y) = -27*y - 26*y + 7 + 54*y. Let l be x(o). What is the highest common divisor of 18 and l?
18
Let y be 4/(-18) + (-492)/(-27). Calculate the greatest common divisor of 12 and y.
6
Let v be (-123)/(-9) - (-2)/6. Calculate the highest common factor of 21 and v.
7
Let x(j) = -54*j**2 + 107*j**2 + 1 + 156*j**2. Let w be x(1). What is the greatest common divisor of 30 and w?
30
Let c = -12 + 22. Suppose 0 = -z - 2 + 5. Let p(o) = 30*o. Let g be p(z). What is the highest common divisor of c and g?
10
Let k be -1 + (-1 - 1*48). Let v = k - -70. Suppose -2*s + v = -2. Calculate the highest common divisor of s and 121.
11
Let g(k) = 4*k**2 - k + 1. Let z be -3*1/(9/(-6)). Let l be g(z). Calculate the highest common factor of l and 135.
15
Suppose -5*a + 452 - 2 = 0. Let i(j) = -j**3 - 16*j**2 - 15*j - 13. Let p be i(-15). Let u = p + 22. What is the highest common divisor of a and u?
9
Suppose 2*u + 3*u = 25. Suppose 0*k - k = 3*z, 0 = -5*z + k. Suppose -5*o + 2*j + 208 = z, 2*o - 6*o = -j - 164. Calculate the highest common factor of u and o.
5
Let z(i) = 65*i - 1. Let b be z(-7). Let t be ((-2)/(-3))/((-16)/b). Calculate the highest common divisor of 95 and t.
19
Suppose -3*r + 76 = -140. Let x be 94/10 - 2/5. Calculate the highest common factor of r and x.
9
Let b = 1 - -2. Let s = b - -14. Let x = -27 - -180. Calculate the highest common factor of x and s.
17
Let n(d) = 9*d**2 + 6*d. Let t be n(-4). Let m = 8 + 7. Calculate the highest common factor of t and m.
15
Suppose 0 = 2*l - 4, 3*r + 4*l + l = 46. Let a = -27 - -51. What is the greatest common divisor of a and r?
12
Let r be (3 + -4)*10*-10. Let q = r - 15. What is the greatest common divisor of q and 34?
17
Let y = -5 + 7. Let n(w) = -w**3 + 2*w**2 + 1. Let t be n(-3). Let v = t - 28. Calculate the greatest common divisor of y and v.
2
Let f be (-30)/18 - -2 - 142/(-6). Calculate the greatest common divisor of 40 and f.
8
Let l = -43 - -51. What is the highest common divisor of l and 1?
1
Let x(i) = i + 36. Let c be x(-21). Let a(v) = 3*v**2 + 65*v**3 - v**2 + 1 - 2*v + 99*v**3. Let m be a(1). What is the greatest common divisor of m and c?
15
Let o = 29 + -18. Let q = 23 + o. Suppose -46 = -j + q. Calculate the greatest common factor of j and 32.
16
Let m(j) be the third derivative of -j**5/60 - 7*j**4/24 - 2*j**3/3 - 6*j**2. Let g be m(-6). Calculate the highest common divisor of g and 2.
2
Let c be (-2 - (-14)/(-3))/((-2)/6). Calculate the highest common factor of c and 100.
20
Suppose 50 = -21*t + 1814. What is the greatest common factor of t and 56?
28
Suppose 20 = m + 4*m. Suppose x = m*x - 39. Calculate the greatest common factor of 91 and x.
13
Suppose 2*q + 30 = j, -3*q - 10 = 2*q. Calculate the greatest common divisor of 65 and j.
13
Let u(v) = -v**3 + 3*v + 11. Let d be u(-7). What is the highest common divisor of d and 37?
37
Let m = 3 + 15. Calculate the highest common factor of m and 198.
18
Let s(c) = 2*c**3 - 5*c**2 - 2*c - 4. Let a be s(4). Suppose 5*v - 56 = 2*f - 4*f, -5*f + 38 = 4*v. Calculate the highest common factor of v and a.
12
Suppose h + h = 0. Suppose 4*d - 8 = h, -d + 0 = -w + 5. Calculate the greatest common factor of w and 49.
7
Let v(p) = -p**2 - 10*p - 11. Let u be v(-8). Suppose -4*a + 3*c + 24 = -0*a, 4*a - 56 = -u*c. What is the greatest common divisor of 36 and a?
9
Suppose z + 1 = 2*z, -h + 1 = -2*z. Let q be (-21)/((h/2)/(-1)). Calculate the highest common divisor of 14 and q.
14
Suppose -7*s + 2*s = -10. Suppose -7*a = 2*w - 3*a - 28, 0 = s*w - 3*a - 63. Calculate the greatest common divisor of w and 60.
12
Suppose -3*g + 26 = -g. Let h = 284 + -180. Calculate the highest common factor of h and g.
13
Let x = 8 + -6. Suppose -h - x*h + 39 = 0. Calculate the highest common factor of 91 and h.
13
Let q(g) = -g**3